d = -56. Let f = j - -65. List the prime factors of f.
2, 3, 7
Suppose -3*g + 3*d + 9 = 0, -2*d - 21 + 9 = 4*g. List the prime factors of 42*(g - (-3 + 1)).
2, 3, 7
What are the prime factors of (-28)/(-7)*(4 + -5) - -513?
509
Suppose -30*l + 22*l + 3592 = 0. What are the prime factors of l?
449
Let c(w) = -w**3 - 18*w**2 - 9*w + 15. Let j = -18 - 0. Let k be c(j). Suppose 0 = -3*a - 39 + k. List the prime factors of a.
2, 23
Let a = -621 - -1104. List the prime factors of a.
3, 7, 23
What are the prime factors of (1 - (-2057 + 2))*36/18?
2, 257
Let o(t) = t**3 + 5*t**2 - 9*t - 4. Suppose -3*n = r - 12, 2*r - 18 = -5*n + r. Suppose 0 = n*p + p + 24. List the prime factors of o(p).
2, 7
Let n(r) = -3*r**3 - 48*r**2 - r + 3. What are the prime factors of n(-18)?
3, 5, 131
Suppose 6*g - 2066 = 9256. List the prime factors of g.
3, 17, 37
Suppose -4*q = 5*i - 11, 3*q = -2*i + 12 - 2. Suppose -4*v = 4*f - 1344, -8*f + q*f + 1329 = -v. What are the prime factors of f?
3, 37
Suppose 0 = -136*v + 125*v + 31955. List the prime factors of v.
5, 7, 83
Suppose 22*l - 6*l = 51072. What are the prime factors of l?
2, 3, 7, 19
Let w be (-36 - -2)*(-1)/(-2). Let r = w - -24. Suppose 0 = 3*c - r*c + 28. What are the prime factors of c?
7
Let z be 60/(-18)*6/(-4). Suppose -12 = x - z*f, x + 2*f - 12 = -f. Suppose -a + 16 = x*a. List the prime factors of a.
2
Let w = 456 - 249. List the prime factors of w.
3, 23
Let f(p) = p - 4. Let n be f(7). Suppose -7*q + 212 = -n*q. Let y = 79 - q. List the prime factors of y.
2, 13
Suppose -30 + 10 = 5*n. Let a(u) = 4*u**2 - 9*u - 4. What are the prime factors of a(n)?
2, 3
Suppose 3*c = 3*t, -5*t - 18 + 6 = -c. What are the prime factors of t/(6/(-262)) - (-3 - 0)?
2, 67
What are the prime factors of ((-28)/12)/((-161)/205482)?
2, 1489
Let h(l) = l + 3. Let t be h(7). Let a be (-1)/(-2)*(12 - t). What are the prime factors of (a + 0)/(14/616)?
2, 11
Let n(f) = f**3 + 14*f**2 + 14*f + 10. Let x be n(-13). Let b be (0 - 1)/(x/(-3)). What are the prime factors of 3/(b*(-3)/12)?
2, 3
Let z = -1 - 4. Let w(i) = -20*i - 2. Let p be w(z). Suppose 2*f - 2*k = p, k + 0*k + 4 = 0. List the prime factors of f.
3, 5
Let y(h) = 621*h**3 + 3*h**2 - 3*h + 1. What are the prime factors of y(1)?
2, 311
Suppose 0 = 2*j - 3*p - 15, j + 5*p + 7 + 5 = 0. Suppose -j*x + f = -141, -97 = -2*x + f - 2. List the prime factors of x.
2, 23
List the prime factors of (14 - 8) + 291 - 11.
2, 11, 13
Let u(b) = b**3 + 11*b**2 - 4*b. List the prime factors of u(-11).
2, 11
Suppose 9*p + 48 = 5*p. Let x(a) = a**3 + 12*a**2 + a + 15. Let k be x(p). What are the prime factors of (1 + 7)/(k/6)?
2
Suppose 2*l = 351 + 121. What are the prime factors of l?
2, 59
Suppose 0 = 6*l + 2*l - 32. Suppose -48 = -l*m + 3*b, 4*b + 7 + 0 = -m. Suppose -5*d + m*d - 136 = 0. What are the prime factors of d?
2, 17
Suppose -5*a = 2*a - 259. Suppose -t + a = -w, 5*t + 25 = -0*t. Let x = w - -70. List the prime factors of x.
2, 7
Suppose 10*g - 8256 - 8674 = 0. What are the prime factors of g?
1693
Suppose 4*w - 68 = -4*q, -2*w - 2*w + 2*q = -68. What are the prime factors of w?
17
Suppose 0 = 3*d - 0*d + 18. List the prime factors of 2/d - (-494)/6.
2, 41
Let j(w) = w**2 + 5*w + 2. Let i be j(-5). Let u = i - 1. What are the prime factors of (2/6)/(u/51)?
17
Let r(w) = w**3 - 8*w**2 + 11*w - 7. Suppose -8*k - 4*i + 36 = -3*k, 3*k - 22 = -2*i. What are the prime factors of r(k)?
3
Let c(z) = 18*z**2 - z - 26. List the prime factors of c(-4).
2, 7, 19
Let j = -143 - -582. Suppose -3*w + 5*w = 5*f - 463, -5*f = 4*w - j. What are the prime factors of f?
7, 13
Let z(x) be the third derivative of x**5/60 + x**4/12 + 5*x**3/6 + 6*x**2. Let n be -1 + 2 + -3 + -3. What are the prime factors of z(n)?
2, 5
Suppose 18104 = -108*v + 116*v. List the prime factors of v.
31, 73
Let q be 0*(3 + 14/(-4)). Suppose q = -3*m + 41 - 2. List the prime factors of m.
13
Suppose c + 24 = 4*a + 9, 5*c = 5*a. Suppose -a*n = -178 - 57. List the prime factors of n.
47
Let h(x) = 17*x**3 - 26*x**2 - 5*x - 10. Let t(y) = -6*y**3 + 9*y**2 + 2*y + 3. Let z(n) = 4*h(n) + 11*t(n). What are the prime factors of z(5)?
2
Suppose 6412 = -2*g + 9*g. List the prime factors of g.
2, 229
Let g = -9 + 11. Suppose t - 120 = -g*t. Suppose -6*d = -d - t. What are the prime factors of d?
2
Let s = 115 + -171. Let l = s - -122. List the prime factors of l.
2, 3, 11
Suppose 5*i - 26 = 4. Suppose -v + 4*v = 5*g + 83, -3*v - 5*g + 103 = 0. Let y = v + i. List the prime factors of y.
37
Suppose 2*k + 45 = 7*k. What are the prime factors of (0 - 26)*k/(-18)?
13
Suppose -2*t = 2*q + 3*q - 1, 12 = 3*t - 3*q. Suppose -5*x + 299 = 2*k - 296, -t*k + 867 = -x. What are the prime factors of k?
2, 5, 29
Let g(c) be the third derivative of c**7/2520 + c**6/360 - c**5/60 - 2*c**2. Let s(h) be the third derivative of g(h). List the prime factors of s(4).
2, 5
Let z(y) = 39*y + 35. Let m(g) = 19*g + 17. Let u(s) = -13*m(s) + 6*z(s). What are the prime factors of u(-11)?
2, 3, 11
Let j be (1 + 148)/(2/2). Suppose -6*g - 405 = -11*g - 4*c, 0 = -4*g - 3*c + 323. Let u = j - g. List the prime factors of u.
2, 3
Let p(i) = 20*i + 19. Let z be p(-7). List the prime factors of 15/20 + z/(-4).
31
Suppose 4*d - 396 = -2*u, 5*u - 2*d - 488 = 442. Let v = -25 + u. List the prime factors of v.
163
What are the prime factors of ((-1094)/(-14) - -1)/(170/595)?
277
Let y = -1069 - -2503. List the prime factors of y.
2, 3, 239
Let x(o) = 42*o**3 + 13*o - 4. List the prime factors of x(3).
7, 167
Let x(g) = g**2 + 6*g - 8. Let s be x(-4). Let a be 19/2 - (-24)/s. What are the prime factors of (-1090)/(-15) - a/12?
2, 3
Let a be (-173)/(-9) + 2/(-9). Let s be 3 + (15/(-5) - 2). Let o = a - s. What are the prime factors of o?
3, 7
Let i(n) = -n**3 + 12*n**2 + 4*n - 15. Let m(y) = -9*y + 2. Let c be m(-1). List the prime factors of i(c).
2, 3, 5
Suppose -k = -z - 14, 10*z - 10 = -3*k + 5*z. What are the prime factors of (268 - k)*1/((-6)/(-2))?
2, 43
Let c = -29 - -31. Suppose -5*s - 289 = -c*b, 3*b = 2*s + 279 + 127. What are the prime factors of b?
2, 3, 11
Let s = 244 - 437. Let l = s - -413. List the prime factors of l.
2, 5, 11
Let d(k) = -k**2 - k + 287. Let c be d(0). Suppose -3*g + 31 = -c. Let l = g + -63. List the prime factors of l.
43
Let r = 49 + -28. Suppose -24*m + 6 = -r*m. What are the prime factors of m?
2
Let s(x) be the third derivative of 1/30*x**5 + 0*x - 2/3*x**3 + 0 - 3*x**2 + 1/24*x**4. What are the prime factors of s(5)?
3, 17
Suppose 0 = -0*r + r + 26. Let a = -49 - -19. Let h = r - a. List the prime factors of h.
2
Suppose 0 = -2*r + 3*f + 64, -3*f = -2*f. Let v = r - -13. Suppose 0 = -9*g + 4*g + v. List the prime factors of g.
3
Let i(n) = n + 13. Let w be i(-4). Suppose -4*y - 125 = -w*y. What are the prime factors of y?
5
Let q(o) = 8*o**2 - 7*o + 261. What are the prime factors of q(14)?
3, 577
What are the prime factors of (-10022)/(-8) - (-15)/60?
7, 179
Let p = -92 - -186. Let j = -21 + p. List the prime factors of j.
73
Suppose -3*x - 4 + 19 = 0. Let c(v) = x*v + 0 - 3*v - 9 - 4*v. List the prime factors of c(-6).
3
Let a be 57/19 + 1*-5. Let y(c) = -32*c - 4. List the prime factors of y(a).
2, 3, 5
Let k(u) = 6*u - 201. What are the prime factors of k(57)?
3, 47
Let t(l) = 167*l**2 + 2*l - 1. Let y be t(1). Suppose 2*s + 5*q - 165 = 0, -2*s - q - q + y = 0. List the prime factors of s.
5, 17
Let v = -2512 - -4862. List the prime factors of v.
2, 5, 47
Let r(m) = -m**3 - 5*m**2 + 4*m - 8. Let z be r(-6). Suppose -2*a - 102 = -z*a. List the prime factors of a.
3, 17
Let n(l) = -l**2 + 3*l + 12. Let k be n(5). Let g be 1/(-2) - (-7)/k. Suppose -99 = -h - 2*h + 3*u, g*h - u - 103 = 0. What are the prime factors of h?
5, 7
What are the prime factors of 650 + 4 + -13 + 3?
2, 7, 23
Let w = 96 - 60. List the prime factors of (-312)/w*(5/(-2) - -1).
13
Suppose -374 = 2*t - 13*t. Let k = 142 - t. List the prime factors of k.
2, 3
Suppose 42*o - 86034 = -27234. What are the prime factors of o?
2, 5, 7
Let x(l) = -l**3 - 22*l**2 - 3*l + 18. Let z be x(-22). Let i = z + -14. List the prime factors of i.
2, 5, 7
Let o = -31 + -165. Let i = -92 - o. What are the prime factors of i?
2, 13
Suppose 4*q - 4 = 2*b, -q + 3 - 2 = b. Suppose -